Let t be 250/7 + -2*(-3)/21. Suppose -71*z = -73*z + t. What is the remainder when 31 is divided by z?
13
Suppose 0 = y - 225 - 25. Calculate the remainder when y is divided by 21.
19
Suppose -43 = -2*c - x, -5*c + 3*c + 4*x + 18 = 0. What is the remainder when 2*(-1)/5 + (-22842)/(-405) is divided by c?
18
Suppose 580 = -6*d + 11*d. Let z = d + -31. Let f = z - 56. What is the remainder when f is divided by 8?
5
Let s = 50 - 24. What is the remainder when 47 is divided by s?
21
Let l(r) = -4*r + 20. Let j be l(0). Let i = 36 - j. Calculate the remainder when 30 is divided by i.
14
Let p = -6 + 8. Let l be 2 - p*(-1)/(-2). What is the remainder when ((-28)/8)/(l/(-12)) is divided by 15?
12
Let c(f) = f**2 + 3*f + 11. Let n be c(-9). Calculate the remainder when 167 is divided by 27/18 - n/(-2).
31
Suppose 74 = 2*h + 2*h + 3*a, -5*h = 3*a - 94. Suppose -h = -5*s, -4*c - s = -2*s - 32. Suppose -174 + 49 = -5*b. What is the remainder when b is divided by c?
7
Suppose 2*v - 6*v = -56. Suppose -181 = -2*r - j, 4*r - 341 = 290*j - 295*j. What is the remainder when r is divided by v?
10
Suppose 4*p - 58 = 6*p. What is the remainder when 115 is divided by 0 - 0/5 - p?
28
Suppose 187 = 5*u - s, -3*u + s = -4*u + 41. What is the remainder when u is divided by 23?
15
Let w be ((-160)/(-12))/((-4)/(-18)). Let h = w - 48. What is the remainder when 31 is divided by h?
7
Suppose 0*z + z = 22. What is the remainder when 26 is divided by z/(-77) + 46/14?
2
Suppose -5*l + 544 = 3*l. Let j = l - 24. What is the remainder when j is divided by 17?
10
What is the remainder when (-6)/22 + 9752/22 is divided by 151?
141
Suppose -24 = -3*j - j + 2*i, -3*j + 4*i + 8 = 0. Let b be 106*3/6 + -1. Let w = b - 29. What is the remainder when w is divided by j?
7
Let x(q) = 7*q**2 - 25*q + 7. What is the remainder when x(6) is divided by 29?
22
Let q(y) = -y**2 - 10*y + 78. Calculate the remainder when 140 is divided by q(-13).
23
Suppose -3*x = 20 + 19. Let o = x - -69. What is the remainder when o is divided by 31?
25
Let b be 6 + -1 - (-146)/2. Suppose -7*o + 69 + b = 0. Calculate the remainder when 83 is divided by o.
20
Suppose 3 = -r + 14. What is the remainder when 328 is divided by r?
9
Suppose 5*v + 0*v - q - 73 = 0, -9 = 3*q. Let b = -101 + 108. Let a(d) = -3*d**2 + 23*d - 9. What is the remainder when v is divided by a(b)?
4
Let g = 228 + -101. Suppose g = 4*q - 29. Suppose -2*a - 4*s = -54, -a + 2*a - s - q = 0. Calculate the remainder when a is divided by 12.
11
Suppose -6 = -6*j + 48. Let q = 143 - 117. What is the remainder when q is divided by j?
8
What is the remainder when 305 is divided by 1/(9 + 1368/(-153))?
16
Suppose 0 = t - 2*t + 32. Suppose -n - n = 2*b - 44, 2*n - t = 2*b. Let u = -2 + n. What is the remainder when 31 is divided by u?
14
Let q(p) = p**2 - 5*p - 9. Let c(f) = 3*f + 4. Let x(g) = -5*c(g) - 3*q(g). Let l be x(3). Let w = l - -31. What is the remainder when 42 is divided by w?
9
Let c = 0 - -5. Suppose 3*w + 0*f = c*f + 32, -2*w - 8 = 4*f. Calculate the remainder when w/(-1 - -9)*4 is divided by 2.
0
Suppose -3*i + 246 = -5*v, -i + 18*v = 14*v - 75. Calculate the remainder when i is divided by 30.
27
Let o = 201 + -46. Calculate the remainder when o is divided by 6.
5
Suppose -2*m - 4*j + 148 = 34, 3*m - 5*j - 116 = 0. Calculate the remainder when 322 is divided by m.
40
Suppose -26 - 253 = -3*f. Calculate the remainder when f is divided by 38.
17
Let w(n) = n + 38. What is the remainder when 314 is divided by w(-3)?
34
Let u(j) = -27*j - 68. Calculate the remainder when 266 is divided by u(-5).
65
Let s(q) = -q - 10. Let h be ((-5)/(-15))/(1/(-21)). Let t be s(h). Let i = 0 - t. Calculate the remainder when i is divided by 3.
0
Let o(c) = -c**2 - 29*c + 26. What is the remainder when o(-16) is divided by 47?
46
Let c be (-3 + (-92)/(-12))*-3. Suppose 2*r - 9 = 5*v, -3*r + 3*v = -r - 7. What is the remainder when 177/r + (-7)/c is divided by 23?
20
Let a = -115 + 112. Calculate the remainder when 45 is divided by (a - (0 - -1)) + 22.
9
Suppose -5*b - 2*p = -182, 0 = -5*b + p + 160 + 34. What is the remainder when b is divided by 8?
6
Suppose -4*w + 4*l + 36 = 0, -9 = 2*w - 3*l - 22. Suppose -2*n - 5*v + 75 = -0*v, -4*n + 4*v = -164. What is the remainder when n is divided by w?
12
Let o(v) = v**2 + 3. Let b(a) = -1. Let d(p) = -4*b(p) - o(p). Let w be d(-3). Let h = 18 + w. Calculate the remainder when 28 is divided by h.
8
Let b(n) = n**2 - 3*n - 3. Let c be b(-4). Let t = -4 + c. Suppose 4*a = -2*l + 50, -l = -0*l + a - t. What is the remainder when 32 is divided by l?
15
Let c(d) = -d**3 - 6*d**2 - 2*d - 3. Calculate the remainder when 840 is divided by c(-8).
135
Let u = -32 + 52. Let v = u - 1. What is the remainder when v is divided by 6?
1
Let d be (-665)/(-15) + (-4)/12. Suppose z + 14 = d. What is the remainder when z is divided by 11?
8
Suppose 23*k = 26*k - 12. Suppose -k*y - 101 = -5*n, -3*n + 25 = -2*n + 4*y. Calculate the remainder when n is divided by 12.
9
Suppose n - 16 = 2*l, -43 = -5*n + 4*l + 31. What is the remainder when n is divided by 6?
2
Suppose 3*x = 2*x + 3. Suppose 27*j = 34*j - 42. Calculate the remainder when j is divided by x.
0
Let t(n) = -n - 11. Let c be t(-13). Suppose 5*x - c = 33. What is the remainder when 46 is divided by x?
4
Let z(p) = p**3 - p + 49. Suppose 2*x - l = 3*l - 36, 0 = -2*x + 5*l - 40. Let n be 0/((-5)/(x/(-4))). What is the remainder when z(n) is divided by 13?
10
Suppose -3*g - 4*s + 41 = 0, 4*g + 30 = 6*g + 4*s. What is the remainder when 703 is divided by g?
10
Let f(c) = -2*c**3 - 50*c**2 + 2*c + 105. What is the remainder when f(-25) is divided by 22?
11
Let v(m) = m**2 - 10*m + 29. Let j = 75 + -68. What is the remainder when 44 is divided by v(j)?
4
Let v = 55 + 6. Suppose 4*i = -5*o + 180, -3*o + 38 + 78 = 4*i. Calculate the remainder when v is divided by o.
29
Suppose 0 = -3*w - 26 + 8. Let z = 22 - w. Let u = z - 7. Calculate the remainder when u is divided by 8.
5
Suppose -4*p + 0*p + 88 = 0. Suppose -p = 5*m - 3*a, -3*m + 0*m + 14 = 5*a. Let s(v) = -5*v - 3. What is the remainder when 25 is divided by s(m)?
4
Suppose -5*y + 2*n = -4613, 0 = 3*y - 7*n + 12*n - 2774. Calculate the remainder when y is divided by 25.
23
Let t(h) = -h**2 - h. Let m be t(-1). Let d(q) = -3*q + 35. What is the remainder when 67 is divided by d(m)?
32
Let l(g) = -5 - 6 + 15 + 9*g - 3. What is the remainder when 34 is divided by l(2)?
15
Suppose -w = -h + 31, -4*w - 34 = -h - 0*w. What is the remainder when 103 is divided by h?
13
Suppose -q = -0*q - 55. Suppose 0 = 3*b + 4*v - q, -b - 5*v + 11 + 22 = 0. What is the remainder when 25 is divided by b?
12
Let m(n) = -100*n**3 - 2*n**2 - n - 1. What is the remainder when m(-1) is divided by 11?
10
Let m = -19 + 71. Let w = 9 + -3. Suppose 12 = w*y - 96. What is the remainder when m is divided by y?
16
Let n = 57 - 29. Let f = n + -21. Calculate the remainder when f is divided by 5.
2
Let y be (-4)/6 - 124/3. Let s = 78 + y. What is the remainder when s is divided by 21 + 1*(1 + -3)?
17
Let h(l) = -2*l**3 - 4*l**2 - 4*l - 2. Let k be h(-2). Suppose 6*w - 13*w = -28. What is the remainder when -1 + 3 + (k - 1) is divided by w?
3
Suppose 0 = -5*n - 6*o + 8*o + 18, -3*o - 18 = -3*n. Suppose 2 = 3*m + 4*s, -5*s = -3*m + m - 37. Calculate the remainder when 6 is divided by m*1*(-1)/n.
0
Let i(q) = q**3 + 21*q**2 - 12*q + 19. Let u be i(-21). Suppose -26 = -3*n + u. What is the remainder when n is divided by 25?
24
Let m = -79 + 64. Calculate the remainder when (-2037)/m - 4/(-20) is divided by 20.
16
Suppose -506 = -2*h - 4*k, 2*k + 490 = 2*h - 2*k. Calculate the remainder when h is divided by 51.
45
Suppose 0*b - 3*b = -3*m - 1614, -1618 = -3*b + 5*m. What is the remainder when b is divided by 36?
32
Let l = 615 + -370. Suppose -7*q + 2*q = -l. Calculate the remainder when q is divided by 13.
10
What is the remainder when 563 is divided by 2 + 3 + 129 + -21?
111
Let j(w) = 49*w**2 - w + 2. Let v be j(1). Let q = 77 - v. Let g = 74 - -6. Calculate the remainder when g is divided by q.
26
Let i = 128 + 120. Suppose -3*z = 2 - i. Calculate the remainder when z is divided by 21.
19
Let h be 7/(28/8) + 4. Suppose -58 = -8*j + h*j. Calculate the remainde